#<pre>
# SURVEYOR SURVEY DUMP
#
# This is a dumped survey from the PHPSurveyor Script
# http://www.phpsurveyor.org/

# NEW TABLE
# SURVEYS TABLE
#
INSERT INTO surveys (`sid`, `short_title`, `description`, `admin`, `active`, `welcome`, `useexpiry`, `expires`, `adminemail`, `private`, `faxto`, `format`, `template`, `url`, `urldescrip`, `language`, `datestamp`, `ipaddr`, `usecookie`, `notification`, `allowregister`, `attribute1`, `attribute2`, `email_invite_subj`, `email_invite`, `email_remind_subj`, `email_remind`, `email_register_subj`, `email_register`, `email_confirm_subj`, `email_confirm`, `allowsave`, `autonumber_start`, `autoredirect`, `allowprev`) VALUES ('1', 'Bilan du géoévénement 2008', 'L\'heure est maintenant au bilan, aux critiques, que nous espérons constructives, et aux idées pour le futur !\n\nMerci à vous de bien vouloir prendre le temps de répondre à ce questionnaire, de ne pas hésiter à critiquer,\nencourager et proposer, afin que ce 2e coup d\'essai nous serve de tremplin à tous pour dynamiser le secteur\nde l\'Open Source !\n', 'Yves Jacolin', 'Y', 'L\'heure est maintenant au bilan, aux critiques, que nous espérons constructives, et aux idées pour le futur !\n\nMerci à vous de bien vouloir prendre le temps de répondre à ce questionnaire, de ne pas hésiter à critiquer,\nencourager et proposer, afin que ce 2e coup d\'essai nous serve de tremplin à tous pour dynamiser le secteur\nde l\'Open Source !\n\nCe questionnaire peut être anonyme, c\'est à dire qu\'aucune adresse IP, nom, email n\'est utilisé et stocké, et le groupe de question qui porte sur vous et votre société, et comme toutes les questions de ce questionnaire, sont optionnelles.', 'Y', '2008-05-01', 'yjacolin@gloobe.org', 'Y', '', 'G', 'osgeo', '', '', 'french', 'N', 'N', 'N', '1', 'N', '', '', 'Invitation à participer à un questionnaire', '{FIRSTNAME},\n\nVous avez été invité à participer à un questionnaire.\n\nCelui-ci est intitulé:\n\"{SURVEYNAME}\"\n\n\"{SURVEYDESCRIPTION}\"\n\nPour participer, veuillez cliquer sur le lien ci-dessous.\n\nCordialement,\n\n{ADMINNAME} ({ADMINEMAIL})\n\n----------------------------------------------\nCliquer ici pour faire le questionnaire :\n{SURVEYURL}', 'Rappel pour répondre à un questionnaire', '{FIRSTNAME},\n\nVous avez été invité à participer à un questionnaire récemment.\n\nNous avons pris en compte que vous n\'avez pas encore complété le questionnaire, et nous vous rappelons que celui-ci est toujours disponible si vous souhaitez participer.\n\nLe questionnaire est intitulé:\n\"{SURVEYNAME}\"\n\n\"{SURVEYDESCRIPTION}\"\n\nPour participer, veuillez cliquer sur le lien ci-dessous.\n\nCordialement,\n\n{ADMINNAME} ({ADMINEMAIL})\n\n----------------------------------------------\nCliquez ici pour faire le questionnaire:\n{SURVEYURL}', 'Confirmation de l\'enregistrement de la participation au questionnaire', '{FIRSTNAME},\n\nVous (ou quelqu\'un utilisant votre adresse mail) êtes enregistré pour participer à un questionnaire en ligne intitulé:\n\"{SURVEYNAME}\"\n\nPour compléter ce questionnaire, cliquez sur le lien suivant:\n\n{SURVEYURL}\n\nQuel que soit votre question à propos de ce questionnaire, ou si vous ne vous êtes pas enregistré pour participer à celui-ci et croyez qu\'il s\'agit d\'une erreur, veuillez contacter {ADMINNAME} ({ADMINEMAIL})', 'Confirmation de réponse à un questionnaire', '{FIRSTNAME},\n\nCe mail vous confirme que vous avez complété le questionnaire intitulé {SURVEYNAME} et que votre réponse à été enregistrée. Merci.\n\nSi vous avez des questions à propos de ce mail, veuillez contacter {ADMINNAME} ({ADMINEMAIL}).\n\nCordialement,\n\n{ADMINNAME}', 'Y', '0', 'N', 'Y');

# NEW TABLE
# GROUPS TABLE
#
INSERT INTO groups (`gid`, `sid`, `group_name`, `description`) VALUES ('1', '1', 'A Organisation préalable', 'Les trois premiers mois qui ont précédé le salon et qui constitue l\'organisation du village.');
INSERT INTO groups (`gid`, `sid`, `group_name`, `description`) VALUES ('2', '1', 'B. Durant le Salon - Village', '');
INSERT INTO groups (`gid`, `sid`, `group_name`, `description`) VALUES ('3', '1', 'C. Durant le Salon - Conférences', '');
INSERT INTO groups (`gid`, `sid`, `group_name`, `description`) VALUES ('4', '1', 'D. Après le Salon', '');
INSERT INTO groups (`gid`, `sid`, `group_name`, `description`) VALUES ('5', '1', 'E. À propos de vous ...', '');

# NEW TABLE
# QUESTIONS TABLE
#
INSERT INTO questions (`qid`, `sid`, `gid`, `type`, `title`, `question`, `preg`, `help`, `other`, `mandatory`, `lid`) VALUES ('1', '1', '1', 'Y', 'A01', 'Avez-vous utilisé le Wiki ?', '', '', 'N', 'N', '0');
INSERT INTO questions (`qid`, `sid`, `gid`, `type`, `title`, `question`, `preg`, `help`, `other`, `mandatory`, `lid`) VALUES ('2', '1', '1', 'T', 'A01b', 'Si non, pour quelle raison ?', '', '', 'N', 'N', '0');
INSERT INTO questions (`qid`, `sid`, `gid`, `type`, `title`, `question`, `preg`, `help`, `other`, `mandatory`, `lid`) VALUES ('3', '1', '1', 'Y', 'A02a', 'Avez-vous apprécié le processus d\'acceptation des nouveaux entrants sur le Village par les membres déjà confirmés ?\n', '', 'Le processus est constitué d\'une description de la société et de ses actions au sein de la communauté open source et de l\'acceptation de la Charte du village.', 'N', 'N', '0');
INSERT INTO questions (`qid`, `sid`, `gid`, `type`, `title`, `question`, `preg`, `help`, `other`, `mandatory`, `lid`) VALUES ('4', '1', '1', 'T', 'A02b', 'Si non, pouvez vous nous dire ce qui vous a posé problème ? Comment pourrait on améliorer ce processus ?', '', '', 'N', 'N', '0');
INSERT INTO questions (`qid`, `sid`, `gid`, `type`, `title`, `question`, `preg`, `help`, `other`, `mandatory`, `lid`) VALUES ('5', '1', '1', 'T', 'A02c', 'Si oui, avez vous un commentaire à faire sur ce processus ?', '', '', 'N', 'N', '0');
INSERT INTO questions (`qid`, `sid`, `gid`, `type`, `title`, `question`, `preg`, `help`, `other`, `mandatory`, `lid`) VALUES ('6', '1', '1', 'Y', 'A03a', 'Avez-vous accepté le principe de charte de fonctionnement et d\'éthique du Village Open Source ?', '', '', 'N', 'N', '0');
INSERT INTO questions (`qid`, `sid`, `gid`, `type`, `title`, `question`, `preg`, `help`, `other`, `mandatory`, `lid`) VALUES ('7', '1', '1', 'Y', 'A03b', 'Auriez-vous aimé aller plus loin dans la démarche ?', '', '', 'N', 'N', '0');
INSERT INTO questions (`qid`, `sid`, `gid`, `type`, `title`, `question`, `preg`, `help`, `other`, `mandatory`, `lid`) VALUES ('8', '1', '1', 'T', 'A03c', 'Si oui, dites nous ce qui peut être amélioré :', '', '', 'N', 'N', '0');
INSERT INTO questions (`qid`, `sid`, `gid`, `type`, `title`, `question`, `preg`, `help`, `other`, `mandatory`, `lid`) VALUES ('9', '1', '1', 'Y', 'A04a', 'Avez-vous apprécié le niveau de transparence de Camptocamp dans l\'organisation de ce Village ?', '', '', 'N', 'N', '0');
INSERT INTO questions (`qid`, `sid`, `gid`, `type`, `title`, `question`, `preg`, `help`, `other`, `mandatory`, `lid`) VALUES ('10', '1', '1', 'T', 'A04b', 'Je vous rappelle que ce questionnaire peut être anonyme, aucune question est obligatoire (on vous posera néanmoins quelques questions sur votre société en fin de questionnaire). Qu\'est ce qui vous a posé problème ?', '', '', 'N', 'N', '0');
INSERT INTO questions (`qid`, `sid`, `gid`, `type`, `title`, `question`, `preg`, `help`, `other`, `mandatory`, `lid`) VALUES ('11', '1', '1', 'Y', 'A05', ' Avez-vous été bien informés des négociations avec l\'organisateur du Salon, Ortech ?', '', '', 'N', 'N', '0');
INSERT INTO questions (`qid`, `sid`, `gid`, `type`, `title`, `question`, `preg`, `help`, `other`, `mandatory`, `lid`) VALUES ('12', '1', '1', 'Y', 'A06a', 'Avez-vous jugée suffisante la communication faite autour du Village ? Auriez-vous aimé faire plus ?', '', '', 'N', 'N', '0');
INSERT INTO questions (`qid`, `sid`, `gid`, `type`, `title`, `question`, `preg`, `help`, `other`, `mandatory`, `lid`) VALUES ('13', '1', '1', 'T', 'A06b', 'Quelles autres cibles ou autres moyens de communication auriez vous apprécié ?', '', '', 'N', 'N', '0');
INSERT INTO questions (`qid`, `sid`, `gid`, `type`, `title`, `question`, `preg`, `help`, `other`, `mandatory`, `lid`) VALUES ('14', '1', '1', 'Y', 'A07', 'Avez-vous apprécié la «gestion financière» du Village, les choix de dépenses, les négociations financières obtenues, les économies réalisés ... ?\n', '', '', 'N', 'N', '0');
INSERT INTO questions (`qid`, `sid`, `gid`, `type`, `title`, `question`, `preg`, `help`, `other`, `mandatory`, `lid`) VALUES ('15', '1', '2', 'Y', 'B01a', 'Avez-vous apprécié l\'emplacement de notre Village sur le Salon ?', '', '', 'N', 'N', '0');
INSERT INTO questions (`qid`, `sid`, `gid`, `type`, `title`, `question`, `preg`, `help`, `other`, `mandatory`, `lid`) VALUES ('16', '1', '2', 'Y', 'B02A', 'Avez-vous apprécié le fait de n\'avoir que très peu de cloisons, un espace clairement identifié (moquette différente, autocollants, Tux !) ?\n', '', '', 'N', 'N', '0');
INSERT INTO questions (`qid`, `sid`, `gid`, `type`, `title`, `question`, `preg`, `help`, `other`, `mandatory`, `lid`) VALUES ('17', '1', '2', 'Y', 'B03a', 'Avez-vous apprécié l\'emplacement de votre stand au sein du Village ?', '', '', 'N', 'N', '0');
INSERT INTO questions (`qid`, `sid`, `gid`, `type`, `title`, `question`, `preg`, `help`, `other`, `mandatory`, `lid`) VALUES ('18', '1', '2', 'Y', 'B03b', 'Avez vous appréciez la procédure pour déterminer les emplacements ?', '', '', 'N', 'N', '0');
INSERT INTO questions (`qid`, `sid`, `gid`, `type`, `title`, `question`, `preg`, `help`, `other`, `mandatory`, `lid`) VALUES ('19', '1', '2', 'Y', 'B04a', 'Avez-vous apprécié l\'aménagement et l\'équipement de votre stand ?', '', '', 'N', 'N', '0');
INSERT INTO questions (`qid`, `sid`, `gid`, `type`, `title`, `question`, `preg`, `help`, `other`, `mandatory`, `lid`) VALUES ('20', '1', '2', 'T', 'B05a', 'Avez vous des commentaires à faire sur le village OS ?', '', '', 'N', 'N', '0');
INSERT INTO questions (`qid`, `sid`, `gid`, `type`, `title`, `question`, `preg`, `help`, `other`, `mandatory`, `lid`) VALUES ('21', '1', '3', 'Y', 'C01a', 'Avez-vous trouvé le programme de conférences pertinent ?', '', '', 'N', 'N', '0');
INSERT INTO questions (`qid`, `sid`, `gid`, `type`, `title`, `question`, `preg`, `help`, `other`, `mandatory`, `lid`) VALUES ('22', '1', '3', 'Y', 'C01b', 'Auriez-vous aimé procéder autrement ?', '', '', 'N', 'N', '0');
INSERT INTO questions (`qid`, `sid`, `gid`, `type`, `title`, `question`, `preg`, `help`, `other`, `mandatory`, `lid`) VALUES ('23', '1', '3', 'T', 'C01c', 'De quelle manière ?', '', '', 'N', 'N', '0');
INSERT INTO questions (`qid`, `sid`, `gid`, `type`, `title`, `question`, `preg`, `help`, `other`, `mandatory`, `lid`) VALUES ('24', '1', '3', 'Y', 'C02', 'Avez-vous apprécié l\'aménagement et l\'équipement (internet, vidéo-proj, sono, écran ...) de l\'espace conférences ?\n', '', '', 'N', 'N', '0');
INSERT INTO questions (`qid`, `sid`, `gid`, `type`, `title`, `question`, `preg`, `help`, `other`, `mandatory`, `lid`) VALUES ('25', '1', '4', 'Y', 'D01a', 'Avez-vous eu des retours positifs ?', '', '', 'N', 'N', '0');
INSERT INTO questions (`qid`, `sid`, `gid`, `type`, `title`, `question`, `preg`, `help`, `other`, `mandatory`, `lid`) VALUES ('26', '1', '4', 'Y', 'D02a', 'Êtes vous satisfaits de votre participation au Géo-évènement 2007 ?', '', '', 'N', 'N', '0');
INSERT INTO questions (`qid`, `sid`, `gid`, `type`, `title`, `question`, `preg`, `help`, `other`, `mandatory`, `lid`) VALUES ('27', '1', '4', 'T', 'D02b', 'Et pourquoi ?', '', '', 'N', 'N', '0');
INSERT INTO questions (`qid`, `sid`, `gid`, `type`, `title`, `question`, `preg`, `help`, `other`, `mandatory`, `lid`) VALUES ('28', '1', '4', 'Y', 'D03a', 'Êtes vous satisfaits de votre participation au Village Open Source ?', '', '', 'N', 'N', '0');
INSERT INTO questions (`qid`, `sid`, `gid`, `type`, `title`, `question`, `preg`, `help`, `other`, `mandatory`, `lid`) VALUES ('29', '1', '4', 'T', 'D03b', ' Et pourquoi ?', '', '', 'N', 'N', '0');
INSERT INTO questions (`qid`, `sid`, `gid`, `type`, `title`, `question`, `preg`, `help`, `other`, `mandatory`, `lid`) VALUES ('30', '1', '4', 'T', 'D04a', 'Quels sont les points vous ayant le plus marqué positivement ou négativement sur ce salon ?', '', '', 'N', 'N', '0');
INSERT INTO questions (`qid`, `sid`, `gid`, `type`, `title`, `question`, `preg`, `help`, `other`, `mandatory`, `lid`) VALUES ('32', '1', '4', 'T', 'D05a', ' Par rapport aux autres salons auxquels vous avez déjà participé, quelles sont les plus ou moins- values d\'une participation au sein d\'un Village ?\n', '', '', 'N', 'N', '0');
INSERT INTO questions (`qid`, `sid`, `gid`, `type`, `title`, `question`, `preg`, `help`, `other`, `mandatory`, `lid`) VALUES ('33', '1', '4', 'Y', 'D06a', 'Vos attentes ont-elles été satisfaites ? En terme commercial, technique, relationnel, d\'image ?', '', '', 'N', 'N', '0');
INSERT INTO questions (`qid`, `sid`, `gid`, `type`, `title`, `question`, `preg`, `help`, `other`, `mandatory`, `lid`) VALUES ('34', '1', '4', 'T', 'D07a', ' Quels sont les points les plus perfectibles pour un éventuel futur Village Open Source ?', '', '', 'N', 'N', '0');
INSERT INTO questions (`qid`, `sid`, `gid`, `type`, `title`, `question`, `preg`, `help`, `other`, `mandatory`, `lid`) VALUES ('35', '1', '4', 'Y', 'D08a', 'Êtes-vous prêts à repartir pour une prochaine édition ?', '', '', 'N', 'N', '0');
INSERT INTO questions (`qid`, `sid`, `gid`, `type`, `title`, `question`, `preg`, `help`, `other`, `mandatory`, `lid`) VALUES ('36', '1', '4', 'T', 'D09a', 'Avez-vous des suggestions, des pistes d\'amélioration ?', '', '', 'N', 'N', '0');
INSERT INTO questions (`qid`, `sid`, `gid`, `type`, `title`, `question`, `preg`, `help`, `other`, `mandatory`, `lid`) VALUES ('37', '1', '5', 'S', 'E01a', 'Nom de la société', '', '', 'N', 'N', '0');
INSERT INTO questions (`qid`, `sid`, `gid`, `type`, `title`, `question`, `preg`, `help`, `other`, `mandatory`, `lid`) VALUES ('38', '1', '5', 'N', 'E02a', 'Nombre de salariés', '', '', 'N', 'N', '0');
INSERT INTO questions (`qid`, `sid`, `gid`, `type`, `title`, `question`, `preg`, `help`, `other`, `mandatory`, `lid`) VALUES ('39', '1', '5', 'T', 'E03a', 'Type de service commercial proposé :', '', '', 'N', 'N', '0');

# NEW TABLE
# ANSWERS TABLE
#

# NEW TABLE
# CONDITIONS TABLE
#
INSERT INTO conditions (`cid`, `qid`, `cqid`, `cfieldname`, `method`, `value`) VALUES ('1', '2', '1', '1X1X1', '', 'N');
INSERT INTO conditions (`cid`, `qid`, `cqid`, `cfieldname`, `method`, `value`) VALUES ('2', '4', '3', '1X1X3', '', 'N');
INSERT INTO conditions (`cid`, `qid`, `cqid`, `cfieldname`, `method`, `value`) VALUES ('3', '5', '3', '1X1X3', '', 'Y');
INSERT INTO conditions (`cid`, `qid`, `cqid`, `cfieldname`, `method`, `value`) VALUES ('4', '8', '7', '1X1X7', '', 'Y');
INSERT INTO conditions (`cid`, `qid`, `cqid`, `cfieldname`, `method`, `value`) VALUES ('5', '10', '9', '1X1X9', '', 'Y');
INSERT INTO conditions (`cid`, `qid`, `cqid`, `cfieldname`, `method`, `value`) VALUES ('6', '13', '12', '1X1X12', '', 'N');
INSERT INTO conditions (`cid`, `qid`, `cqid`, `cfieldname`, `method`, `value`) VALUES ('7', '23', '22', '1X3X22', '', 'Y');

# NEW TABLE
# LABELSETS TABLE
#

# NEW TABLE
# LABELS TABLE
#

# NEW TABLE
# QUESTION_ATTRIBUTES TABLE
#

# NEW TABLE
# ASSESSMENTS TABLE
#
#</pre>
